 279 and 443145?
93
What is the greatest common factor of 15 and 137395?
5
Calculate the greatest common factor of 6626860 and 3830.
10
Calculate the greatest common divisor of 2246636 and 56.
28
Calculate the greatest common divisor of 4165944 and 184.
184
Calculate the greatest common factor of 934 and 30454471.
467
What is the greatest common factor of 232 and 21170348?
116
What is the greatest common divisor of 376374190 and 10?
10
What is the greatest common divisor of 1317704 and 24?
8
What is the greatest common factor of 7615827 and 342?
171
What is the greatest common factor of 16328 and 157955816?
1256
What is the highest common factor of 1151430 and 6090?
210
What is the highest common divisor of 1021163 and 4477?
407
Calculate the greatest common divisor of 189 and 33262677.
189
What is the highest common divisor of 32610 and 97740?
30
Calculate the highest common divisor of 49 and 269237031.
7
What is the highest common factor of 221484 and 597?
3
Calculate the highest common factor of 11441294 and 2449.
31
What is the highest common factor of 2156 and 154456?
4
Calculate the highest common factor of 2475907 and 19003.
613
What is the highest common factor of 30339207 and 15327?
1179
What is the highest common divisor of 143 and 174817448?
13
What is the greatest common divisor of 33605020 and 96380?
1580
Calculate the highest common divisor of 27397498 and 54986.
2894
Calculate the highest common divisor of 9177 and 141442479.
1311
What is the greatest common factor of 62 and 1173691?
31
What is the greatest common factor of 1740 and 428130915?
435
Calculate the highest common divisor of 106894706 and 942.
314
Calculate the highest common divisor of 451263295 and 441.
49
What is the highest common factor of 26256 and 4795549?
547
What is the greatest common factor of 3444529 and 4180?
209
Calculate the greatest common factor of 24 and 35585496.
24
Calculate the highest common factor of 3979601 and 1826.
83
What is the highest common factor of 19476 and 42756?
12
Calculate the greatest common factor of 45 and 3279935.
5
What is the highest common factor of 56 and 13086656?
8
Calculate the greatest common factor of 60267285 and 5804.
1451
Calculate the highest common factor of 20130 and 18238.
22
What is the greatest common divisor of 4485325 and 5525?
325
What is the highest common factor of 15588870 and 5626?
194
What is the highest common divisor of 198757988 and 968?
484
Calculate the highest common divisor of 48862708 and 244.
244
What is the highest common divisor of 245 and 3454108?
49
What is the greatest common divisor of 451633 and 403?
13
What is the highest common factor of 122637680 and 110?
110
What is the highest common factor of 4384266 and 1151478?
5406
Calculate the greatest common factor of 50718305 and 2035.
2035
Calculate the highest common divisor of 540 and 65932116.
12
Calculate the highest common factor of 1155876 and 264.
12
What is the highest common divisor of 73053993 and 57?
57
What is the greatest common divisor of 35598 and 5586506?
34
Calculate the highest common divisor of 7657195 and 10010.
455
What is the highest common factor of 164543326 and 2?
2
Calculate the highest common divisor of 58253005 and 5.
5
Calculate the greatest common factor of 11200 and 45856.
32
What is the highest common factor of 28337 and 1849?
43
What is the highest common factor of 3157 and 282695?
287
What is the greatest common factor of 106002 and 2029591?
151
What is the greatest common factor of 10648283 and 41075?
1643
What is the highest common divisor of 216026092 and 106?
106
Calculate the greatest common factor of 104 and 560375.
1
What is the highest common divisor of 1465 and 56431507?
293
Calculate the highest common factor of 185876 and 31124.
124
What is the highest common divisor of 30003064 and 728?
728
What is the highest common divisor of 3080137 and 46?
23
What is the greatest common divisor of 344 and 528492188?
172
What is the highest common divisor of 377315 and 345?
115
Calculate the highest common divisor of 7387798 and 220.
22
What is the greatest common divisor of 4901 and 4427111?
377
Calculate the highest common divisor of 2960 and 5115805.
185
What is the greatest common divisor of 941842 and 558?
62
Calculate the highest common divisor of 21455563 and 29.
29
Calculate the highest common divisor of 57227 and 1296931.
643
Calculate the highest common factor of 155396461 and 11.
11
Calculate the highest common factor of 72828 and 393652.
476
What is the greatest common factor of 16880817 and 6?
3
What is the greatest common divisor of 297286368 and 9344?
2336
What is the greatest common divisor of 902 and 1001418?
22
Calculate the greatest common factor of 266 and 6438530.
266
Calculate the greatest common divisor of 328144455 and 465.
465
What is the highest common divisor of 6225 and 1780599?
249
Calculate the highest common factor of 18312280 and 112.
56
Calculate the highest common divisor of 20036669 and 156163.
3187
What is the greatest common factor of 46328 and 3928?
8
What is the highest common factor of 724200 and 21760?
680
Calculate the highest common divisor of 1284194 and 236.
118
Calculate the greatest common factor of 14375 and 15460000.
625
What is the highest common factor of 95 and 42750095?
95
Calculate the highest common factor of 4970205 and 6052.
1513
Calculate the greatest common divisor of 399 and 3933.
57
What is the highest common divisor of 3405551 and 3594132?
11093
What is the highest common divisor of 132412259 and 49?
49
What is the highest common factor of 414 and 535212?
18
Calculate the greatest common divisor of 64750 and 127229125.
4625
Calculate the highest common factor of 15388 and 42744017.
3847
What is the highest common divisor of 626710 and 21557545?
6395
What is the highest common divisor of 87790320 and 560?
80
What is the highest common factor of 13559328 and 13884?
1068
What is the greatest common divisor of 54549 and 1013650?
209
Calculate the highest common factor of 834 and 32224648.
278
What is the highest common factor of 15785012 and 406156?
6884
What is the highest common divisor of 142 and 96299359?
71
What is the greatest common divisor of 920 and 84306730?
230
Calculate the highest common divisor of 1640914766 and 34.
34
What is the greatest common divisor of 687336 and 75972?
156
Calculate the greatest common factor of 2943 and 307762263.
981
What is the highest common divisor of 1158883 and 30760?
769
Calculate the highest common divisor of 4616 and 55864.
8
What is the greatest common divisor of 3278 and 119262?
22
What is the greatest common divisor of 27243 and 237319827?
3027
Calculate the highest common factor of 112 and 2315929.
7
What is the highest common divisor of 2151356 and 5908?
844
Calculate the highest common factor of 597 and 45585.
3
Calculate the greatest common factor of 60805 and 1030.
5
Calculate the highest common divisor of 84 and 6769128.
12
Calculate the highest common divisor of 14619115 and 1645.
1645
What is the greatest common factor of 1704411 and 54087?
447
Calculate the greatest common factor of 300595020 and 3300.
660
What is the greatest common factor of 44471496 and 168?
24
Calculate the highest common factor of 830689 and 14715.
109
Calculate the highest common factor of 3380522 and 6251.
47
Calculate the greatest common factor of 5023527 and 6.
3
Calculate the greatest common divisor of 96876 and 21852.
36
What is the greatest common factor of 113535 and 590625?
135
What is the highest common factor of 477 and 1243899?
9
Calculate the greatest common factor of 177110 and 2263270.
890
What is the highest common divisor of 663445 and 2770?
5
Calculate the greatest common factor of 881155 and 7073.
11
Calculate the highest common factor of 3719110 and 36670.
1930
What is the greatest common factor of 91696185 and 30?
15
Calculate the greatest common divisor of 1978 and 1860148.
46
What is the greatest common factor of 62820 and 1396337832?
12564
Calculate the greatest common factor of 11865 and 5120703.
21
What is the highest common divisor of 529 and 271791207?
529
Calculate the greatest common factor of 3303099 and 114063.
591
What is the highest common factor of 15644 and 10628?
4
Calculate the 